{"id":2419,"date":"2023-11-30T14:02:34","date_gmt":"2023-11-30T13:02:34","guid":{"rendered":"http:\/\/stavebnepraceorava.sk\/?page_id=2419"},"modified":"2023-11-30T14:02:34","modified_gmt":"2023-11-30T13:02:34","slug":"rodinny-dom-v-krivej-2018","status":"publish","type":"page","link":"https:\/\/stavebnepraceorava.sk\/?page_id=2419","title":{"rendered":"Rodinn\u00fd dom v Krivej 2018"},"content":{"rendered":"<div id='gallery-1' class='gallery galleryid-2419 gallery-columns-4 gallery-size-medium'><figure class='gallery-item'>\n\t\t\t<div class='gallery-icon landscape'>\n\t\t\t\t<a href='https:\/\/stavebnepraceorava.sk\/wp-content\/uploads\/2023\/11\/Kriva_2018_001.jpg'><img width=\"300\" height=\"225\" src=\"https:\/\/stavebnepraceorava.sk\/wp-content\/uploads\/2023\/11\/Kriva_2018_001-300x225.jpg\" class=\"attachment-medium size-medium\" alt=\"\" decoding=\"async\" loading=\"lazy\" srcset=\"https:\/\/stavebnepraceorava.sk\/wp-content\/uploads\/2023\/11\/Kriva_2018_001-300x225.jpg 300w, https:\/\/stavebnepraceorava.sk\/wp-content\/uploads\/2023\/11\/Kriva_2018_001-768x576.jpg 768w, https:\/\/stavebnepraceorava.sk\/wp-content\/uploads\/2023\/11\/Kriva_2018_001.jpg 800w\" sizes=\"(max-width: 300px) 100vw, 300px\" \/><\/a>\n\t\t\t<\/div><\/figure><figure class='gallery-item'>\n\t\t\t<div class='gallery-icon landscape'>\n\t\t\t\t<a href='https:\/\/stavebnepraceorava.sk\/wp-content\/uploads\/2023\/11\/Kriva_2018_002.jpg'><img width=\"300\" height=\"225\" src=\"https:\/\/stavebnepraceorava.sk\/wp-content\/uploads\/2023\/11\/Kriva_2018_002-300x225.jpg\" class=\"attachment-medium size-medium\" alt=\"\" decoding=\"async\" loading=\"lazy\" srcset=\"https:\/\/stavebnepraceorava.sk\/wp-content\/uploads\/2023\/11\/Kriva_2018_002-300x225.jpg 300w, https:\/\/stavebnepraceorava.sk\/wp-content\/uploads\/2023\/11\/Kriva_2018_002-768x576.jpg 768w, https:\/\/stavebnepraceorava.sk\/wp-content\/uploads\/2023\/11\/Kriva_2018_002.jpg 800w\" sizes=\"(max-width: 300px) 100vw, 300px\" \/><\/a>\n\t\t\t<\/div><\/figure><figure class='gallery-item'>\n\t\t\t<div class='gallery-icon landscape'>\n\t\t\t\t<a href='https:\/\/stavebnepraceorava.sk\/wp-content\/uploads\/2023\/11\/Kriva_2018_003.jpg'><img width=\"300\" height=\"225\" src=\"https:\/\/stavebnepraceorava.sk\/wp-content\/uploads\/2023\/11\/Kriva_2018_003-300x225.jpg\" class=\"attachment-medium size-medium\" alt=\"\" decoding=\"async\" loading=\"lazy\" srcset=\"https:\/\/stavebnepraceorava.sk\/wp-content\/uploads\/2023\/11\/Kriva_2018_003-300x225.jpg 300w, https:\/\/stavebnepraceorava.sk\/wp-content\/uploads\/2023\/11\/Kriva_2018_003-768x576.jpg 768w, https:\/\/stavebnepraceorava.sk\/wp-content\/uploads\/2023\/11\/Kriva_2018_003.jpg 800w\" sizes=\"(max-width: 300px) 100vw, 300px\" \/><\/a>\n\t\t\t<\/div><\/figure><figure class='gallery-item'>\n\t\t\t<div class='gallery-icon landscape'>\n\t\t\t\t<a href='https:\/\/stavebnepraceorava.sk\/wp-content\/uploads\/2023\/11\/Kriva_2018_004.jpg'><img width=\"300\" height=\"225\" src=\"https:\/\/stavebnepraceorava.sk\/wp-content\/uploads\/2023\/11\/Kriva_2018_004-300x225.jpg\" class=\"attachment-medium size-medium\" alt=\"\" decoding=\"async\" loading=\"lazy\" srcset=\"https:\/\/stavebnepraceorava.sk\/wp-content\/uploads\/2023\/11\/Kriva_2018_004-300x225.jpg 300w, https:\/\/stavebnepraceorava.sk\/wp-content\/uploads\/2023\/11\/Kriva_2018_004-768x576.jpg 768w, https:\/\/stavebnepraceorava.sk\/wp-content\/uploads\/2023\/11\/Kriva_2018_004.jpg 800w\" sizes=\"(max-width: 300px) 100vw, 300px\" \/><\/a>\n\t\t\t<\/div><\/figure><figure class='gallery-item'>\n\t\t\t<div class='gallery-icon landscape'>\n\t\t\t\t<a href='https:\/\/stavebnepraceorava.sk\/wp-content\/uploads\/2023\/11\/Kriva_2018_005.jpg'><img width=\"300\" height=\"225\" src=\"https:\/\/stavebnepraceorava.sk\/wp-content\/uploads\/2023\/11\/Kriva_2018_005-300x225.jpg\" class=\"attachment-medium size-medium\" alt=\"\" decoding=\"async\" loading=\"lazy\" srcset=\"https:\/\/stavebnepraceorava.sk\/wp-content\/uploads\/2023\/11\/Kriva_2018_005-300x225.jpg 300w, https:\/\/stavebnepraceorava.sk\/wp-content\/uploads\/2023\/11\/Kriva_2018_005-768x576.jpg 768w, https:\/\/stavebnepraceorava.sk\/wp-content\/uploads\/2023\/11\/Kriva_2018_005.jpg 800w\" sizes=\"(max-width: 300px) 100vw, 300px\" \/><\/a>\n\t\t\t<\/div><\/figure><figure class='gallery-item'>\n\t\t\t<div class='gallery-icon landscape'>\n\t\t\t\t<a href='https:\/\/stavebnepraceorava.sk\/wp-content\/uploads\/2023\/11\/Kriva_2018_006.jpg'><img width=\"300\" height=\"225\" src=\"https:\/\/stavebnepraceorava.sk\/wp-content\/uploads\/2023\/11\/Kriva_2018_006-300x225.jpg\" class=\"attachment-medium size-medium\" alt=\"\" decoding=\"async\" loading=\"lazy\" srcset=\"https:\/\/stavebnepraceorava.sk\/wp-content\/uploads\/2023\/11\/Kriva_2018_006-300x225.jpg 300w, https:\/\/stavebnepraceorava.sk\/wp-content\/uploads\/2023\/11\/Kriva_2018_006-768x576.jpg 768w, https:\/\/stavebnepraceorava.sk\/wp-content\/uploads\/2023\/11\/Kriva_2018_006.jpg 800w\" sizes=\"(max-width: 300px) 100vw, 300px\" \/><\/a>\n\t\t\t<\/div><\/figure><figure class='gallery-item'>\n\t\t\t<div class='gallery-icon landscape'>\n\t\t\t\t<a href='https:\/\/stavebnepraceorava.sk\/wp-content\/uploads\/2023\/11\/Kriva_2018_007.jpg'><img width=\"300\" height=\"225\" src=\"https:\/\/stavebnepraceorava.sk\/wp-content\/uploads\/2023\/11\/Kriva_2018_007-300x225.jpg\" class=\"attachment-medium size-medium\" alt=\"\" decoding=\"async\" loading=\"lazy\" srcset=\"https:\/\/stavebnepraceorava.sk\/wp-content\/uploads\/2023\/11\/Kriva_2018_007-300x225.jpg 300w, https:\/\/stavebnepraceorava.sk\/wp-content\/uploads\/2023\/11\/Kriva_2018_007-768x576.jpg 768w, https:\/\/stavebnepraceorava.sk\/wp-content\/uploads\/2023\/11\/Kriva_2018_007.jpg 800w\" sizes=\"(max-width: 300px) 100vw, 300px\" \/><\/a>\n\t\t\t<\/div><\/figure><figure class='gallery-item'>\n\t\t\t<div class='gallery-icon landscape'>\n\t\t\t\t<a href='https:\/\/stavebnepraceorava.sk\/wp-content\/uploads\/2023\/11\/Kriva_2018_008.jpg'><img width=\"300\" height=\"225\" src=\"https:\/\/stavebnepraceorava.sk\/wp-content\/uploads\/2023\/11\/Kriva_2018_008-300x225.jpg\" class=\"attachment-medium size-medium\" alt=\"\" decoding=\"async\" loading=\"lazy\" srcset=\"https:\/\/stavebnepraceorava.sk\/wp-content\/uploads\/2023\/11\/Kriva_2018_008-300x225.jpg 300w, https:\/\/stavebnepraceorava.sk\/wp-content\/uploads\/2023\/11\/Kriva_2018_008-768x576.jpg 768w, https:\/\/stavebnepraceorava.sk\/wp-content\/uploads\/2023\/11\/Kriva_2018_008.jpg 800w\" sizes=\"(max-width: 300px) 100vw, 300px\" \/><\/a>\n\t\t\t<\/div><\/figure><figure class='gallery-item'>\n\t\t\t<div class='gallery-icon landscape'>\n\t\t\t\t<a href='https:\/\/stavebnepraceorava.sk\/wp-content\/uploads\/2023\/11\/Kriva_2018_009.jpg'><img width=\"300\" height=\"225\" src=\"https:\/\/stavebnepraceorava.sk\/wp-content\/uploads\/2023\/11\/Kriva_2018_009-300x225.jpg\" class=\"attachment-medium size-medium\" alt=\"\" decoding=\"async\" loading=\"lazy\" srcset=\"https:\/\/stavebnepraceorava.sk\/wp-content\/uploads\/2023\/11\/Kriva_2018_009-300x225.jpg 300w, https:\/\/stavebnepraceorava.sk\/wp-content\/uploads\/2023\/11\/Kriva_2018_009-768x576.jpg 768w, https:\/\/stavebnepraceorava.sk\/wp-content\/uploads\/2023\/11\/Kriva_2018_009.jpg 800w\" sizes=\"(max-width: 300px) 100vw, 300px\" \/><\/a>\n\t\t\t<\/div><\/figure><figure class='gallery-item'>\n\t\t\t<div class='gallery-icon landscape'>\n\t\t\t\t<a href='https:\/\/stavebnepraceorava.sk\/wp-content\/uploads\/2023\/11\/Kriva_2018_010.jpg'><img width=\"300\" height=\"225\" src=\"https:\/\/stavebnepraceorava.sk\/wp-content\/uploads\/2023\/11\/Kriva_2018_010-300x225.jpg\" class=\"attachment-medium size-medium\" alt=\"\" decoding=\"async\" loading=\"lazy\" srcset=\"https:\/\/stavebnepraceorava.sk\/wp-content\/uploads\/2023\/11\/Kriva_2018_010-300x225.jpg 300w, https:\/\/stavebnepraceorava.sk\/wp-content\/uploads\/2023\/11\/Kriva_2018_010-768x576.jpg 768w, https:\/\/stavebnepraceorava.sk\/wp-content\/uploads\/2023\/11\/Kriva_2018_010.jpg 800w\" sizes=\"(max-width: 300px) 100vw, 300px\" \/><\/a>\n\t\t\t<\/div><\/figure><figure class='gallery-item'>\n\t\t\t<div class='gallery-icon landscape'>\n\t\t\t\t<a href='https:\/\/stavebnepraceorava.sk\/wp-content\/uploads\/2023\/11\/Kriva_2018_011.jpg'><img width=\"300\" height=\"225\" src=\"https:\/\/stavebnepraceorava.sk\/wp-content\/uploads\/2023\/11\/Kriva_2018_011-300x225.jpg\" class=\"attachment-medium size-medium\" alt=\"\" decoding=\"async\" loading=\"lazy\" srcset=\"https:\/\/stavebnepraceorava.sk\/wp-content\/uploads\/2023\/11\/Kriva_2018_011-300x225.jpg 300w, https:\/\/stavebnepraceorava.sk\/wp-content\/uploads\/2023\/11\/Kriva_2018_011-768x576.jpg 768w, https:\/\/stavebnepraceorava.sk\/wp-content\/uploads\/2023\/11\/Kriva_2018_011.jpg 800w\" sizes=\"(max-width: 300px) 100vw, 300px\" \/><\/a>\n\t\t\t<\/div><\/figure><figure class='gallery-item'>\n\t\t\t<div class='gallery-icon landscape'>\n\t\t\t\t<a href='https:\/\/stavebnepraceorava.sk\/wp-content\/uploads\/2023\/11\/Kriva_2018_012.jpg'><img width=\"300\" height=\"225\" src=\"https:\/\/stavebnepraceorava.sk\/wp-content\/uploads\/2023\/11\/Kriva_2018_012-300x225.jpg\" class=\"attachment-medium size-medium\" alt=\"\" decoding=\"async\" loading=\"lazy\" srcset=\"https:\/\/stavebnepraceorava.sk\/wp-content\/uploads\/2023\/11\/Kriva_2018_012-300x225.jpg 300w, https:\/\/stavebnepraceorava.sk\/wp-content\/uploads\/2023\/11\/Kriva_2018_012-768x576.jpg 768w, https:\/\/stavebnepraceorava.sk\/wp-content\/uploads\/2023\/11\/Kriva_2018_012.jpg 800w\" sizes=\"(max-width: 300px) 100vw, 300px\" \/><\/a>\n\t\t\t<\/div><\/figure><figure class='gallery-item'>\n\t\t\t<div class='gallery-icon landscape'>\n\t\t\t\t<a href='https:\/\/stavebnepraceorava.sk\/wp-content\/uploads\/2023\/11\/Kriva_2018_013.jpg'><img width=\"300\" height=\"225\" src=\"https:\/\/stavebnepraceorava.sk\/wp-content\/uploads\/2023\/11\/Kriva_2018_013-300x225.jpg\" class=\"attachment-medium size-medium\" alt=\"\" decoding=\"async\" loading=\"lazy\" srcset=\"https:\/\/stavebnepraceorava.sk\/wp-content\/uploads\/2023\/11\/Kriva_2018_013-300x225.jpg 300w, https:\/\/stavebnepraceorava.sk\/wp-content\/uploads\/2023\/11\/Kriva_2018_013-768x576.jpg 768w, https:\/\/stavebnepraceorava.sk\/wp-content\/uploads\/2023\/11\/Kriva_2018_013.jpg 800w\" sizes=\"(max-width: 300px) 100vw, 300px\" \/><\/a>\n\t\t\t<\/div><\/figure><figure class='gallery-item'>\n\t\t\t<div class='gallery-icon landscape'>\n\t\t\t\t<a href='https:\/\/stavebnepraceorava.sk\/wp-content\/uploads\/2023\/11\/Kriva_2018_014.jpg'><img width=\"300\" height=\"225\" src=\"https:\/\/stavebnepraceorava.sk\/wp-content\/uploads\/2023\/11\/Kriva_2018_014-300x225.jpg\" class=\"attachment-medium size-medium\" alt=\"\" decoding=\"async\" loading=\"lazy\" srcset=\"https:\/\/stavebnepraceorava.sk\/wp-content\/uploads\/2023\/11\/Kriva_2018_014-300x225.jpg 300w, https:\/\/stavebnepraceorava.sk\/wp-content\/uploads\/2023\/11\/Kriva_2018_014-768x576.jpg 768w, https:\/\/stavebnepraceorava.sk\/wp-content\/uploads\/2023\/11\/Kriva_2018_014.jpg 800w\" sizes=\"(max-width: 300px) 100vw, 300px\" \/><\/a>\n\t\t\t<\/div><\/figure><figure class='gallery-item'>\n\t\t\t<div class='gallery-icon landscape'>\n\t\t\t\t<a href='https:\/\/stavebnepraceorava.sk\/wp-content\/uploads\/2023\/11\/Kriva_2018_015.jpg'><img width=\"300\" height=\"225\" src=\"https:\/\/stavebnepraceorava.sk\/wp-content\/uploads\/2023\/11\/Kriva_2018_015-300x225.jpg\" class=\"attachment-medium size-medium\" alt=\"\" decoding=\"async\" loading=\"lazy\" srcset=\"https:\/\/stavebnepraceorava.sk\/wp-content\/uploads\/2023\/11\/Kriva_2018_015-300x225.jpg 300w, https:\/\/stavebnepraceorava.sk\/wp-content\/uploads\/2023\/11\/Kriva_2018_015-768x576.jpg 768w, https:\/\/stavebnepraceorava.sk\/wp-content\/uploads\/2023\/11\/Kriva_2018_015.jpg 800w\" sizes=\"(max-width: 300px) 100vw, 300px\" \/><\/a>\n\t\t\t<\/div><\/figure><figure class='gallery-item'>\n\t\t\t<div class='gallery-icon landscape'>\n\t\t\t\t<a href='https:\/\/stavebnepraceorava.sk\/wp-content\/uploads\/2023\/11\/Kriva_2018_016.jpg'><img width=\"300\" height=\"225\" src=\"https:\/\/stavebnepraceorava.sk\/wp-content\/uploads\/2023\/11\/Kriva_2018_016-300x225.jpg\" class=\"attachment-medium size-medium\" alt=\"\" decoding=\"async\" loading=\"lazy\" srcset=\"https:\/\/stavebnepraceorava.sk\/wp-content\/uploads\/2023\/11\/Kriva_2018_016-300x225.jpg 300w, https:\/\/stavebnepraceorava.sk\/wp-content\/uploads\/2023\/11\/Kriva_2018_016-768x576.jpg 768w, https:\/\/stavebnepraceorava.sk\/wp-content\/uploads\/2023\/11\/Kriva_2018_016.jpg 800w\" sizes=\"(max-width: 300px) 100vw, 300px\" \/><\/a>\n\t\t\t<\/div><\/figure><figure class='gallery-item'>\n\t\t\t<div class='gallery-icon landscape'>\n\t\t\t\t<a href='https:\/\/stavebnepraceorava.sk\/wp-content\/uploads\/2023\/11\/Kriva_2018_017.jpg'><img width=\"300\" height=\"225\" src=\"https:\/\/stavebnepraceorava.sk\/wp-content\/uploads\/2023\/11\/Kriva_2018_017-300x225.jpg\" class=\"attachment-medium size-medium\" alt=\"\" decoding=\"async\" loading=\"lazy\" srcset=\"https:\/\/stavebnepraceorava.sk\/wp-content\/uploads\/2023\/11\/Kriva_2018_017-300x225.jpg 300w, https:\/\/stavebnepraceorava.sk\/wp-content\/uploads\/2023\/11\/Kriva_2018_017-768x576.jpg 768w, https:\/\/stavebnepraceorava.sk\/wp-content\/uploads\/2023\/11\/Kriva_2018_017.jpg 800w\" sizes=\"(max-width: 300px) 100vw, 300px\" \/><\/a>\n\t\t\t<\/div><\/figure><figure class='gallery-item'>\n\t\t\t<div class='gallery-icon landscape'>\n\t\t\t\t<a href='https:\/\/stavebnepraceorava.sk\/wp-content\/uploads\/2023\/11\/Kriva_2018_018.jpg'><img width=\"300\" height=\"225\" src=\"https:\/\/stavebnepraceorava.sk\/wp-content\/uploads\/2023\/11\/Kriva_2018_018-300x225.jpg\" class=\"attachment-medium size-medium\" alt=\"\" decoding=\"async\" loading=\"lazy\" srcset=\"https:\/\/stavebnepraceorava.sk\/wp-content\/uploads\/2023\/11\/Kriva_2018_018-300x225.jpg 300w, https:\/\/stavebnepraceorava.sk\/wp-content\/uploads\/2023\/11\/Kriva_2018_018-768x576.jpg 768w, https:\/\/stavebnepraceorava.sk\/wp-content\/uploads\/2023\/11\/Kriva_2018_018.jpg 800w\" sizes=\"(max-width: 300px) 100vw, 300px\" \/><\/a>\n\t\t\t<\/div><\/figure><figure class='gallery-item'>\n\t\t\t<div class='gallery-icon landscape'>\n\t\t\t\t<a href='https:\/\/stavebnepraceorava.sk\/wp-content\/uploads\/2023\/11\/Kriva_2018_019.jpg'><img width=\"300\" height=\"225\" src=\"https:\/\/stavebnepraceorava.sk\/wp-content\/uploads\/2023\/11\/Kriva_2018_019-300x225.jpg\" class=\"attachment-medium size-medium\" alt=\"\" decoding=\"async\" loading=\"lazy\" srcset=\"https:\/\/stavebnepraceorava.sk\/wp-content\/uploads\/2023\/11\/Kriva_2018_019-300x225.jpg 300w, https:\/\/stavebnepraceorava.sk\/wp-content\/uploads\/2023\/11\/Kriva_2018_019-768x576.jpg 768w, https:\/\/stavebnepraceorava.sk\/wp-content\/uploads\/2023\/11\/Kriva_2018_019.jpg 800w\" sizes=\"(max-width: 300px) 100vw, 300px\" \/><\/a>\n\t\t\t<\/div><\/figure>\n\t\t<\/div>\n\n","protected":false},"excerpt":{"rendered":"","protected":false},"author":1,"featured_media":0,"parent":0,"menu_order":0,"comment_status":"closed","ping_status":"closed","template":"","meta":{"om_disable_all_campaigns":false,"_uag_custom_page_level_css":"","_mi_skip_tracking":false,"site-sidebar-layout":"default","site-content-layout":"default","ast-global-header-display":"","ast-main-header-display":"","ast-hfb-above-header-display":"","ast-hfb-below-header-display":"","ast-hfb-mobile-header-display":"","site-post-title":"","ast-breadcrumbs-content":"","ast-featured-img":"","footer-sml-layout":"","theme-transparent-header-meta":"default","adv-header-id-meta":"","stick-header-meta":"","header-above-stick-meta":"","header-main-stick-meta":"","header-below-stick-meta":""},"yoast_head":"<!-- This site is optimized with the Yoast SEO plugin v21.8.1 - https:\/\/yoast.com\/wordpress\/plugins\/seo\/ -->\n<title>Rodinn\u00fd dom v Krivej 2018 - stavebn\u00e9 pr\u00e1ce Orava<\/title>\n<meta name=\"robots\" content=\"index, follow, max-snippet:-1, max-image-preview:large, max-video-preview:-1\" \/>\n<link rel=\"canonical\" href=\"http:\/\/stavebnepraceorava.sk\/?page_id=2419\" \/>\n<meta property=\"og:locale\" content=\"sk_SK\" \/>\n<meta property=\"og:type\" content=\"article\" \/>\n<meta property=\"og:title\" content=\"Rodinn\u00fd dom v Krivej 2018 - stavebn\u00e9 pr\u00e1ce Orava\" \/>\n<meta property=\"og:url\" content=\"http:\/\/stavebnepraceorava.sk\/?page_id=2419\" \/>\n<meta property=\"og:site_name\" content=\"stavebn\u00e9 pr\u00e1ce Orava\" \/>\n<meta property=\"og:image\" content=\"http:\/\/stavebnepraceorava.sk\/wp-content\/uploads\/2023\/11\/Kriva_2018_001-300x225.jpg\" \/>\n<meta name=\"twitter:card\" content=\"summary_large_image\" \/>\n<meta name=\"twitter:label1\" content=\"Predpokladan\u00fd \u010das \u010d\u00edtania\" \/>\n\t<meta name=\"twitter:data1\" content=\"1 min\u00fata\" \/>\n<script type=\"application\/ld+json\" class=\"yoast-schema-graph\">{\"@context\":\"https:\/\/schema.org\",\"@graph\":[{\"@type\":\"WebPage\",\"@id\":\"http:\/\/stavebnepraceorava.sk\/?page_id=2419\",\"url\":\"http:\/\/stavebnepraceorava.sk\/?page_id=2419\",\"name\":\"Rodinn\u00fd dom v Krivej 2018 - stavebn\u00e9 pr\u00e1ce Orava\",\"isPartOf\":{\"@id\":\"https:\/\/stavebnepraceorava.sk\/#website\"},\"datePublished\":\"2023-11-30T13:02:34+00:00\",\"dateModified\":\"2023-11-30T13:02:34+00:00\",\"breadcrumb\":{\"@id\":\"http:\/\/stavebnepraceorava.sk\/?page_id=2419#breadcrumb\"},\"inLanguage\":\"sk-SK\",\"potentialAction\":[{\"@type\":\"ReadAction\",\"target\":[\"http:\/\/stavebnepraceorava.sk\/?page_id=2419\"]}]},{\"@type\":\"BreadcrumbList\",\"@id\":\"http:\/\/stavebnepraceorava.sk\/?page_id=2419#breadcrumb\",\"itemListElement\":[{\"@type\":\"ListItem\",\"position\":1,\"name\":\"Home\",\"item\":\"https:\/\/stavebnepraceorava.sk\/\"},{\"@type\":\"ListItem\",\"position\":2,\"name\":\"Rodinn\u00fd dom v Krivej 2018\"}]},{\"@type\":\"WebSite\",\"@id\":\"https:\/\/stavebnepraceorava.sk\/#website\",\"url\":\"https:\/\/stavebnepraceorava.sk\/\",\"name\":\"stavebn\u00e9 pr\u00e1ce Orava\",\"description\":\"Staviame rodinn\u00e9 domy  pre V\u00e1s\",\"publisher\":{\"@id\":\"https:\/\/stavebnepraceorava.sk\/#organization\"},\"potentialAction\":[{\"@type\":\"SearchAction\",\"target\":{\"@type\":\"EntryPoint\",\"urlTemplate\":\"https:\/\/stavebnepraceorava.sk\/?s={search_term_string}\"},\"query-input\":\"required name=search_term_string\"}],\"inLanguage\":\"sk-SK\"},{\"@type\":\"Organization\",\"@id\":\"https:\/\/stavebnepraceorava.sk\/#organization\",\"name\":\"stavebn\u00e9 pr\u00e1ce Orava\",\"url\":\"https:\/\/stavebnepraceorava.sk\/\",\"logo\":{\"@type\":\"ImageObject\",\"inLanguage\":\"sk-SK\",\"@id\":\"https:\/\/stavebnepraceorava.sk\/#\/schema\/logo\/image\/\",\"url\":\"https:\/\/stavebnepraceorava.sk\/wp-content\/uploads\/2023\/04\/LOGO_1_Sk-1.jpg\",\"contentUrl\":\"https:\/\/stavebnepraceorava.sk\/wp-content\/uploads\/2023\/04\/LOGO_1_Sk-1.jpg\",\"width\":595,\"height\":253,\"caption\":\"stavebn\u00e9 pr\u00e1ce Orava\"},\"image\":{\"@id\":\"https:\/\/stavebnepraceorava.sk\/#\/schema\/logo\/image\/\"}}]}<\/script>\n<!-- \/ Yoast SEO plugin. -->","yoast_head_json":{"title":"Rodinn\u00fd dom v Krivej 2018 - stavebn\u00e9 pr\u00e1ce Orava","robots":{"index":"index","follow":"follow","max-snippet":"max-snippet:-1","max-image-preview":"max-image-preview:large","max-video-preview":"max-video-preview:-1"},"canonical":"http:\/\/stavebnepraceorava.sk\/?page_id=2419","og_locale":"sk_SK","og_type":"article","og_title":"Rodinn\u00fd dom v Krivej 2018 - stavebn\u00e9 pr\u00e1ce Orava","og_url":"http:\/\/stavebnepraceorava.sk\/?page_id=2419","og_site_name":"stavebn\u00e9 pr\u00e1ce Orava","og_image":[{"url":"http:\/\/stavebnepraceorava.sk\/wp-content\/uploads\/2023\/11\/Kriva_2018_001-300x225.jpg"}],"twitter_card":"summary_large_image","twitter_misc":{"Predpokladan\u00fd \u010das \u010d\u00edtania":"1 min\u00fata"},"schema":{"@context":"https:\/\/schema.org","@graph":[{"@type":"WebPage","@id":"http:\/\/stavebnepraceorava.sk\/?page_id=2419","url":"http:\/\/stavebnepraceorava.sk\/?page_id=2419","name":"Rodinn\u00fd dom v Krivej 2018 - stavebn\u00e9 pr\u00e1ce Orava","isPartOf":{"@id":"https:\/\/stavebnepraceorava.sk\/#website"},"datePublished":"2023-11-30T13:02:34+00:00","dateModified":"2023-11-30T13:02:34+00:00","breadcrumb":{"@id":"http:\/\/stavebnepraceorava.sk\/?page_id=2419#breadcrumb"},"inLanguage":"sk-SK","potentialAction":[{"@type":"ReadAction","target":["http:\/\/stavebnepraceorava.sk\/?page_id=2419"]}]},{"@type":"BreadcrumbList","@id":"http:\/\/stavebnepraceorava.sk\/?page_id=2419#breadcrumb","itemListElement":[{"@type":"ListItem","position":1,"name":"Home","item":"https:\/\/stavebnepraceorava.sk\/"},{"@type":"ListItem","position":2,"name":"Rodinn\u00fd dom v Krivej 2018"}]},{"@type":"WebSite","@id":"https:\/\/stavebnepraceorava.sk\/#website","url":"https:\/\/stavebnepraceorava.sk\/","name":"stavebn\u00e9 pr\u00e1ce Orava","description":"Staviame rodinn\u00e9 domy  pre V\u00e1s","publisher":{"@id":"https:\/\/stavebnepraceorava.sk\/#organization"},"potentialAction":[{"@type":"SearchAction","target":{"@type":"EntryPoint","urlTemplate":"https:\/\/stavebnepraceorava.sk\/?s={search_term_string}"},"query-input":"required name=search_term_string"}],"inLanguage":"sk-SK"},{"@type":"Organization","@id":"https:\/\/stavebnepraceorava.sk\/#organization","name":"stavebn\u00e9 pr\u00e1ce Orava","url":"https:\/\/stavebnepraceorava.sk\/","logo":{"@type":"ImageObject","inLanguage":"sk-SK","@id":"https:\/\/stavebnepraceorava.sk\/#\/schema\/logo\/image\/","url":"https:\/\/stavebnepraceorava.sk\/wp-content\/uploads\/2023\/04\/LOGO_1_Sk-1.jpg","contentUrl":"https:\/\/stavebnepraceorava.sk\/wp-content\/uploads\/2023\/04\/LOGO_1_Sk-1.jpg","width":595,"height":253,"caption":"stavebn\u00e9 pr\u00e1ce Orava"},"image":{"@id":"https:\/\/stavebnepraceorava.sk\/#\/schema\/logo\/image\/"}}]}},"uagb_featured_image_src":{"full":false,"thumbnail":false,"medium":false,"medium_large":false,"large":false,"1536x1536":false,"2048x2048":false},"uagb_author_info":{"display_name":"LuStas","author_link":"https:\/\/stavebnepraceorava.sk\/?author=1"},"uagb_comment_info":0,"uagb_excerpt":null,"_links":{"self":[{"href":"https:\/\/stavebnepraceorava.sk\/index.php?rest_route=\/wp\/v2\/pages\/2419"}],"collection":[{"href":"https:\/\/stavebnepraceorava.sk\/index.php?rest_route=\/wp\/v2\/pages"}],"about":[{"href":"https:\/\/stavebnepraceorava.sk\/index.php?rest_route=\/wp\/v2\/types\/page"}],"author":[{"embeddable":true,"href":"https:\/\/stavebnepraceorava.sk\/index.php?rest_route=\/wp\/v2\/users\/1"}],"replies":[{"embeddable":true,"href":"https:\/\/stavebnepraceorava.sk\/index.php?rest_route=%2Fwp%2Fv2%2Fcomments&post=2419"}],"version-history":[{"count":3,"href":"https:\/\/stavebnepraceorava.sk\/index.php?rest_route=\/wp\/v2\/pages\/2419\/revisions"}],"predecessor-version":[{"id":2442,"href":"https:\/\/stavebnepraceorava.sk\/index.php?rest_route=\/wp\/v2\/pages\/2419\/revisions\/2442"}],"wp:attachment":[{"href":"https:\/\/stavebnepraceorava.sk\/index.php?rest_route=%2Fwp%2Fv2%2Fmedia&parent=2419"}],"curies":[{"name":"wp","href":"https:\/\/api.w.org\/{rel}","templated":true}]}}